rime factors of q?
2, 3
Suppose 0 = -4*n - n + 430. What are the prime factors of n?
2, 43
Let v = -591 + 948. What are the prime factors of v?
3, 7, 17
Let s = -11 - -14. Let f = s + 16. What are the prime factors of f?
19
Suppose -154 = -2*z - 5*t + 6*t, -4*t = -3*z + 221. List the prime factors of z.
79
Suppose -2*x - 324 = -5*j, -5*j + x = -2*x - 326. What are the prime factors of ((-3)/(-4))/(4/j)?
2, 3
Suppose 6*y = 5*y + 9. What are the prime factors of y?
3
Suppose -5*f + 4*z + 122 = 0, 2*f + 2*f + 3*z - 79 = 0. Suppose 2*o + 4*n = 44, o + 5*n - 15 = f. What are the prime factors of (-32)/(-5) + o/(-30)?
2, 3
Let o(u) = u**3 + 17*u**2 - 19*u + 39. List the prime factors of o(-18).
3, 19
Let v(l) = -l**2 + 11*l + 7. List the prime factors of v(10).
17
Let g(v) = 5*v - 5. What are the prime factors of g(2)?
5
Suppose -3*j - 4*i + 3 = -3, -4 = -2*j - 2*i. What are the prime factors of j?
2
List the prime factors of (-8)/(-36) + 205/9.
23
Suppose 4*f = -w + 17, -1 = -0*f + f - 5*w. What are the prime factors of 12/f - 0 - -16?
19
Suppose -4*l + 65 = -3*l + 4*p, 0 = -3*l - 5*p + 181. What are the prime factors of l?
3, 19
Let j be (6 - 3) + (20 - 2). Let l = -12 + j. What are the prime factors of l?
3
Suppose -8*n + 3*n = 140. What are the prime factors of (-512)/n - (-6)/(-21)?
2, 3
Suppose -5*p = -4*k + 538, -p = k + 3*p - 124. List the prime factors of k.
2, 3, 11
Suppose y + 4 = -1. Let m = y + 8. Suppose 0 = j - s - 14, m*j - 5*s - 60 = -j. List the prime factors of j.
2, 5
Let b = -12 - -10. What are the prime factors of ((-3)/b)/(9/156)?
2, 13
Let s = 4 - -2. Suppose -3*g = -30 + s. What are the prime factors of g?
2
Let w = 41 - 13. List the prime factors of w.
2, 7
Let j be (2*-53)/(-2 - -1). Suppose -3 - 5 = 2*c, -5*i + j = -4*c. List the prime factors of i.
2, 3
Suppose 0 = -4*f + 4, -3*w + 3*f = w + 19. Let m = w - -7. List the prime factors of m.
3
Let h be (-4)/14 + (-5)/7. What are the prime factors of (0 - h)*(0 - -16)?
2
Suppose -5 + 17 = 2*o. Let z = o - -6. What are the prime factors of z?
2, 3
Suppose -15 = -o - 0*o. List the prime factors of ((-9)/2)/(o/(-80)).
2, 3
Suppose -5*o + 2*z = -z + 105, 0 = -3*o - 4*z - 92. Let j = 37 + o. List the prime factors of j.
13
Let r = -14 + 22. Suppose c + r = 46. What are the prime factors of c?
2, 19
Let n = -25 + 45. Suppose -3*u + 0*u + 2*g = -10, n = -2*u - 4*g. List the prime factors of 18/((2 - 0) + u).
3
List the prime factors of (-2)/9 + (-110)/(-9).
2, 3
Let s be (-338)/(-14) + (-1)/7. Suppose -60 - s = -3*b. List the prime factors of b.
2, 7
Let f(h) = 8*h + 3. Let o(c) = -15*c - 6. Let z(v) = 11*f(v) + 6*o(v). Let u(t) = -t. Let y(p) = -6*u(p) + z(p). What are the prime factors of y(3)?
3
Let w(p) = 4*p**2 - p + 1. Let n be w(1). Let b = 19 - -7. List the prime factors of -2*(b/n)/(-1).
13
Let p(g) be the second derivative of g**4/12 + g**3/6 - 2*g**2 + 3*g. What are the prime factors of p(-4)?
2
Let o(h) = h**3 + 5*h + 2 + 1 - 1 - 5*h**2 + 10*h**2. Let j be o(-3). Suppose 0*r = -r - 4*u - j, r - 2*u = 13. List the prime factors of r.
7
Suppose -10*p - 3*a = -7*p - 558, 0 = a + 3. List the prime factors of p.
3, 7
What are the prime factors of (23 - 2) + (-8)/4?
19
Let n = 182 - 116. What are the prime factors of n?
2, 3, 11
List the prime factors of (5/(-2))/((-6)/36).
3, 5
Let d(l) = -l**2 + 7*l - 3. Let g be d(6). Suppose 3*n - 99 = -4*v, 5*v - g*n - 90 = -0*n. Suppose -4*j = -z + v, 1 = j + 3. What are the prime factors of z?
13
Suppose -4*t - 5 - 3 = 0. Let i be t*(2 + 5/(-2)). Suppose -w + i = -3*u + 2, 4*w - 64 = -5*u. What are the prime factors of w?
11
Let j be (-7)/((21/(-18))/7). Suppose 2*a + 6 - j = 0. What are the prime factors of a?
2, 3
Let l = 2 + 54. What are the prime factors of l?
2, 7
Let t(w) = -w**3 - 5*w**2 + 10*w + 10. List the prime factors of t(-7).
2, 19
Let s(y) = -y**2 + 11*y + 14. Let o be s(12). List the prime factors of 4 + (-1 - o/(-1)).
5
Let q(u) = u**2 - 7*u + 4. Let f be q(7). Let l be (20/6)/(2/3). Suppose 17 - l = f*r. List the prime factors of r.
3
Let m = -163 - -228. What are the prime factors of m?
5, 13
Let z be (-20)/9 - (-2)/9. List the prime factors of (-2 - -1)*(z + -10).
2, 3
What are the prime factors of (4 - 30)*(-2)/4?
13
Let h be (-2)/2*(-1 - -2). Let u = -2 - h. What are the prime factors of 11 + (2 - (u - -4))?
2, 5
Let h(w) = -w**3 - 8*w**2 + 4. Let p be h(-8). Suppose y - 20 - p = 0. What are the prime factors of y?
2, 3
Let l = -36 - -17. Let s = l + 36. List the prime factors of s.
17
Let f = 10 + -10. List the prime factors of 6/(-2) + f + 29.
2, 13
Let n be 28 - (4/(-2) + 1). Let u = n + 7. What are the prime factors of u?
2, 3
Suppose -6 = -2*u - 0*u. Suppose 0 = u*t - 2*t - 11. Let k = t - 8. What are the prime factors of k?
3
Let a(y) = y**2 - y + 4. Let u be a(3). Suppose 24 = 2*b - u. List the prime factors of b.
17
Suppose -12*u + 13*u - 127 = 0. List the prime factors of u.
127
Suppose -3*f = -3*w - 21, 2*f - 3 + 1 = -w. Let k = 5 + w. List the prime factors of k/(-1) + (-33)/(-3).
2, 5
Let x(q) = 2*q + 2. Let w(f) be the second derivative of -f**3/6 - f**2/2 + f. Let k(o) = 5*w(o) + 2*x(o). What are the prime factors of k(-3)?
2
Suppose 3*t + 16 = w, -2*t + 5*w + 10 = 38. Let g be (-7*1)/(4/8). Let m = t - g. List the prime factors of m.
2, 5
Let h = -383 + 627. What are the prime factors of h?
2, 61
Let c be (-24)/(-15) + 2/5. Suppose 3*r = c*q + 49, 8*q = 3*r + 4*q - 47. List the prime factors of r.
17
Let b(k) be the third derivative of -k**6/120 - k**5/20 + 7*k**4/24 + 2*k**3/3 + 4*k**2. List the prime factors of b(-5).
19
Let m(z) be the first derivative of z**4/4 - 8*z**3/3 + z**2/2 - 3*z + 2. Let f be m(8). Let p = 8 - f. List the prime factors of p.
3
Let d = 12 + -10. Let q be 10/(-3) - 1/(-3). List the prime factors of 8 - (-2 + q + d).
11
Suppose -3*v + 216 = -192. List the prime factors of v.
2, 17
Let l(k) = -k**3 + 4*k**2 - k - 2. Let q be l(3). Suppose j - q*j = -45. What are the prime factors of j?
3, 5
Let q(v) = v**2 + 6*v - 6. Let b be q(-7). Let x be b - (-22)/2*1. Suppose 5*m - x = -2. What are the prime factors of m?
2
Let z(j) be the third derivative of j**6/120 + j**5/12 + j**4/24 - j**3/2 - 3*j**2. Let v(i) = 3*i**3. Let t be v(-1). List the prime factors of z(t).
2, 3
Let r = 0 - -28. Let j = r + -11. What are the prime factors of j?
17
Let s(c) = c**3 + 18*c**2 + 30*c + 1. List the prime factors of s(-14).
5, 73
Let g = -7 - -8. Let l be 0/(-2) + (3 - g). Suppose 3*n - 5 - 1 = 0, 4*b = -l*n + 48. What are the prime factors of b?
11
Suppose 2*z - 9 = 1. Suppose 9 = 5*c - 3*x + 2*x, 0 = -3*c - z*x - 17. Suppose 0 = i - 3*o - c, -3*i + o = -7 - 4. List the prime factors of i.
2
Let f(h) = 277*h**2 + 1. List the prime factors of f(-1).
2, 139
Let i(b) be the first derivative of -5*b**2/2 + b + 2. Let y(d) = -d - 1. Let m(a) = -i(a) - 2*y(a). What are the prime factors of m(2)?
3, 5
Let c(j) = j**2 + 2*j - 3. Let n be c(-3). Suppose 3*x + 2*x + 280 = n. List the prime factors of x/(-10) + (-10)/(-25).
2, 3
Let b = 9 + -5. Suppose 6*h = h - 2*c, 0 = -b*h + c + 13. What are the prime factors of (2/4 + h)*2?
5
Let m(u) be the first derivative of u**3/6 + u**2 - 2*u + 3. Let b(r) be the first derivative of m(r). What are the prime factors of b(0)?
2
Let s = -30 - -49. What are the prime factors of s?
19
Suppose -1 - 2 = -l. Suppose 37 = -2*w + l*w. What are the prime factors of w?
37
Let l(z) = -6*z + 6. What are the prime factors of l(-3)?
2, 3
Suppose -5*m = -86 - 19. What are the prime factors of m?
3, 7
Let g = -9 - -9. List the prime factors of (g - 5/(-1))*1.
5
Let t(z) = z**3 + 7*z**2 + 3*z - 8. Let f be t(-6). Let o = 17 + f. What are the prime factors of o?
3
Let v = 3 - -12. Suppose 3*t - 96 = v. List the prime factors of t.
37
Let k(o) be the first derivative of o**4/4 - o**3/3 - 2*o**2 + 5. List the prime factors of k(3).
2, 3
Let x(t) = 2*t**2 + 9*t - 20. What are the prime factors of x(9)?
223
Let h(c) = -2*c - 13. Let m be h(-9). Suppose -4*s - m = -5*s. List the prime factors of s.
5
Let q(x) = -x - 6. Let s be q(-9). Suppose -3*i - g + 5 = -i, -3*g = 5*i - 13. Suppose -i = -s*c + 28. What are the prime factors of c?
2, 5
Let n(c) be the third derivative of c**6/1